{"id":15,"date":"2025-12-17T19:15:45","date_gmt":"2025-12-17T19:15:45","guid":{"rendered":"https:\/\/shop.los2pcs.com\/?page_id=15"},"modified":"2025-12-22T22:51:48","modified_gmt":"2025-12-22T22:51:48","slug":"configuracion-del-proyecto-de-enfoque-aplicaciones-web","status":"publish","type":"page","link":"https:\/\/shop.los2pcs.com\/index.php\/configuracion-del-proyecto-de-enfoque-aplicaciones-web\/","title":{"rendered":"Configuraci\u00f3n"},"content":{"rendered":"\n<div style=\"position:relative;padding-bottom:56.25%;height:0;overflow:hidden;max-width:100%;\">\n  <iframe\n    src=\"https:\/\/peertube.los2pcs.com\/videos\/embed\/i5zSje4QFb5MqdPV5DbMRK\"\n    style=\"position:absolute;top:0;left:0;width:100%;height:100%;border:0;\"\n    allowfullscreen>\n  <\/iframe>\n<\/div>\n\n\n\n<p><\/p>\n\n\n\n<h2 class=\"wp-block-heading\"><strong>\ud83d\udcfd\ufe0f Instalaci\u00f3n del entorno&nbsp;<\/strong><\/h2>\n\n\n\n<h2 class=\"wp-block-heading\"><strong>WordPress + Redis + WooCommerce<\/strong><\/h2>\n\n\n\n<p>En este v\u00eddeo se muestra el proceso completo de despliegue de un entorno de comercio electr\u00f3nico basado en <strong>WordPress<\/strong>, utilizando contenedores Docker gestionados mediante <strong>Portainer<\/strong>.<\/p>\n\n\n\n<p>En primer lugar, se realiza la <strong>creaci\u00f3n de un registro DNS de tipo CNAME<\/strong>, mediante el cual se redirige el dominio <strong>shop.los2pcs.com<\/strong> hacia el laboratorio del proyecto, donde se encuentra alojada toda la infraestructura.<\/p>\n\n\n\n<p>A continuaci\u00f3n, desde el servidor <strong>Portainer<\/strong>, se despliega un <strong>stack Docker<\/strong> que incluye los contenedores necesarios para el funcionamiento de la tienda online. Dicho stack incorpora un contenedor <strong>Redis<\/strong>, que se utiliza como sistema de cach\u00e9 para mejorar el rendimiento y los tiempos de carga del sitio web.<\/p>\n\n\n\n<p>En un segundo v\u00eddeo se muestra la <strong>configuraci\u00f3n inicial de WordPress<\/strong>, incluyendo los par\u00e1metros b\u00e1sicos del sitio y el acceso al panel de administraci\u00f3n.<\/p>\n\n\n\n<p>Posteriormente, se procede a la <strong>instalaci\u00f3n y configuraci\u00f3n del plugin WooCommerce<\/strong>, que permite habilitar las funcionalidades de comercio electr\u00f3nico, as\u00ed como la instalaci\u00f3n del plugin necesario para la gesti\u00f3n de la tienda online.<\/p>\n\n\n\n<p>Este proceso da como resultado un entorno funcional de <strong>tienda online optimizada<\/strong>, desplegada en contenedores y preparada para su uso en un entorno real.<\/p>\n\n\n\n<p>El video se ha incrustado desde un servidor <a href=\"http:\/\/peertube.los2pcs.com\" target=\"_blank\" rel=\"noreferrer noopener\">Peertube<\/a> alojado tambi\u00e9n on-prem<\/p>\n\n\n\n<p><\/p>\n","protected":false},"excerpt":{"rendered":"<p>\ud83d\udcfd\ufe0f Instalaci\u00f3n del entorno&nbsp; WordPress + Redis + WooCommerce En este v\u00eddeo se muestra el proceso completo de despliegue de un entorno de comercio electr\u00f3nico basado en WordPress, utilizando contenedores Docker gestionados mediante Portainer. En primer lugar, se realiza la creaci\u00f3n de un registro DNS de tipo CNAME, mediante el cual se redirige el dominio [&hellip;]<\/p>\n","protected":false},"author":1,"featured_media":0,"parent":0,"menu_order":0,"comment_status":"closed","ping_status":"closed","template":"","meta":{"saved_in_kubio":false,"footnotes":""},"class_list":["post-15","page","type-page","status-publish","hentry"],"kubio_ai_page_context":{"short_desc":"","purpose":"general"},"jetpack_sharing_enabled":true,"_links":{"self":[{"href":"https:\/\/shop.los2pcs.com\/index.php\/wp-json\/wp\/v2\/pages\/15","targetHints":{"allow":["GET"]}}],"collection":[{"href":"https:\/\/shop.los2pcs.com\/index.php\/wp-json\/wp\/v2\/pages"}],"about":[{"href":"https:\/\/shop.los2pcs.com\/index.php\/wp-json\/wp\/v2\/types\/page"}],"author":[{"embeddable":true,"href":"https:\/\/shop.los2pcs.com\/index.php\/wp-json\/wp\/v2\/users\/1"}],"replies":[{"embeddable":true,"href":"https:\/\/shop.los2pcs.com\/index.php\/wp-json\/wp\/v2\/comments?post=15"}],"version-history":[{"count":29,"href":"https:\/\/shop.los2pcs.com\/index.php\/wp-json\/wp\/v2\/pages\/15\/revisions"}],"predecessor-version":[{"id":237,"href":"https:\/\/shop.los2pcs.com\/index.php\/wp-json\/wp\/v2\/pages\/15\/revisions\/237"}],"wp:attachment":[{"href":"https:\/\/shop.los2pcs.com\/index.php\/wp-json\/wp\/v2\/media?parent=15"}],"curies":[{"name":"wp","href":"https:\/\/api.w.org\/{rel}","templated":true}]}}