{"id":176,"date":"2025-12-20T22:39:16","date_gmt":"2025-12-20T22:39:16","guid":{"rendered":"https:\/\/shop.los2pcs.com\/?post_type=product&#038;p=176"},"modified":"2025-12-20T23:00:53","modified_gmt":"2025-12-20T23:00:53","slug":"bicicleta-gravel-mendiz-g11","status":"publish","type":"product","link":"https:\/\/shop.los2pcs.com\/index.php\/product\/bicicleta-gravel-mendiz-g11\/","title":{"rendered":"Bicicleta gravel Mendiz G11"},"content":{"rendered":"<div data-subtree=\"aimfl\" data-complete=\"true\" data-processed=\"true\">La <strong class=\"Yjhzub\" data-complete=\"true\" data-processed=\"true\">Mendiz G11<\/strong> es una <mark class=\"HxTRcb\" data-complete=\"true\" data-sae=\"\"><strong class=\"Yjhzub\" data-complete=\"true\">bicicleta de gravel de carbono<\/strong> vers\u00e1til<\/mark>, dise\u00f1ada tanto para aventuras en carreteras y pistas como para competiciones de ciclocross. Se caracteriza por su polivalencia, ligereza y la posibilidad de personalizaci\u00f3n en su configuraci\u00f3n y colores.<span class=\"uJ19be notranslate\" data-wiz-uids=\"qATxj_f,qATxj_g,qATxj_h\" data-complete=\"true\" data-processed=\"true\"><span class=\"vKEkVd\" data-animation-atomic=\"\" data-wiz-attrbind=\"class=qATxj_f\/TKHnVd;\" data-sae=\"\">\u00a0<\/span><\/span><\/div>\n<div class=\"Y3BBE\" data-sfc-cp=\"\" data-hveid=\"CAIQAA\" data-complete=\"true\" data-processed=\"true\"><\/div>\n<div class=\"Fsg96\" data-sfc-cp=\"\" data-complete=\"true\" data-processed=\"true\"><\/div>\n<div class=\"otQkpb\" role=\"heading\" aria-level=\"3\" data-animation-nesting=\"\" data-sfc-cp=\"\" data-processed=\"true\" data-sae=\"\" data-complete=\"true\">Caracter\u00edsticas Principales<\/div>\n<div class=\"otQkpb\" role=\"heading\" aria-level=\"3\" data-animation-nesting=\"\" data-sfc-cp=\"\" data-processed=\"true\" data-sae=\"\" data-complete=\"true\"><\/div>\n<ul class=\"KsbFXc U6u95\" data-complete=\"true\" data-processed=\"true\">\n<li data-hveid=\"CAQQAA\" data-complete=\"true\" data-sae=\"\"><span class=\"T286Pc\" data-sfc-cp=\"\" data-complete=\"true\"><strong class=\"Yjhzub\" data-complete=\"true\">Cuadro y Horquilla<\/strong>: Cuenta con un <strong class=\"Yjhzub\" data-complete=\"true\">cuadro de carbono<\/strong> ligero, con un peso de aproximadamente 1.080 gramos (talla M), que ofrece rigidez para competici\u00f3n y absorci\u00f3n para terrenos irregulares. Tambi\u00e9n hay disponible una versi\u00f3n con cuadro de aluminio con un presupuesto menor.<\/span><\/li>\n<li data-hveid=\"CAQQAQ\" data-complete=\"true\" data-sae=\"\"><span class=\"T286Pc\" data-sfc-cp=\"\" data-complete=\"true\"><strong class=\"Yjhzub\" data-complete=\"true\">Geometr\u00eda y Uso<\/strong>: Posee una geometr\u00eda c\u00f3moda, ideal para pasar largas horas sobre ella, ya sea en rutas de gravel, bosque o carretera. Es una bicicleta polivalente que se adapta bien a diferentes terrenos gracias a su dise\u00f1o.<\/span><\/li>\n<li data-hveid=\"CAQQAg\" data-complete=\"true\" data-sae=\"\"><span class=\"T286Pc\" data-sfc-cp=\"\" data-complete=\"true\"><strong class=\"Yjhzub\" data-complete=\"true\">Componentes<\/strong>: La G11 se monta habitualmente con grupos espec\u00edficos de <strong class=\"Yjhzub\" data-complete=\"true\">Shimano GRX<\/strong> para gravel, ofreciendo opciones de monoplato o doble plato y frenos de disco hidr\u00e1ulicos.<\/span><\/li>\n<li data-hveid=\"CAQQAw\" data-complete=\"true\" data-sae=\"\"><span class=\"T286Pc\" data-sfc-cp=\"\" data-complete=\"true\"><strong class=\"Yjhzub\" data-complete=\"true\">Paso de Rueda<\/strong>: El dise\u00f1o del cuadro permite un amplio paso de rueda, admitiendo cubiertas de hasta 40 o 42 mm, lo que mejora su versatilidad en diferentes condiciones de terreno.<\/span><\/li>\n<li data-hveid=\"CAQQBA\" data-complete=\"true\" data-sae=\"\"><span class=\"T286Pc\" data-sfc-cp=\"\" data-complete=\"true\"><strong class=\"Yjhzub\" data-complete=\"true\">Personalizaci\u00f3n<\/strong>: Mendiz ofrece un configurador en su sitio web que permite a los usuarios personalizar la bicicleta eligiendo la talla, el color y otros componentes seg\u00fan sus preferencias.<\/span><span class=\"uJ19be notranslate\" data-wiz-uids=\"qATxj_18,qATxj_19,qATxj_1a\" data-complete=\"true\"><span class=\"vKEkVd\" data-animation-atomic=\"\" data-wiz-attrbind=\"class=qATxj_18\/TKHnVd;\" data-sae=\"\">\u00a0<\/span><\/span><\/li>\n<\/ul>\n<ul class=\"KsbFXc U6u95\" data-complete=\"true\" data-processed=\"true\">\n<li data-hveid=\"CAQQBA\" data-complete=\"true\" data-sae=\"\"><\/li>\n<\/ul>\n<div class=\"Fsg96\" data-sfc-cp=\"\" data-processed=\"true\" data-complete=\"true\"><\/div>\n<div class=\"otQkpb\" role=\"heading\" aria-level=\"3\" data-animation-nesting=\"\" data-sfc-cp=\"\" data-complete=\"true\" data-processed=\"true\" data-sae=\"\">Rese\u00f1as y Opiniones<\/div>\n<div class=\"otQkpb\" role=\"heading\" aria-level=\"3\" data-animation-nesting=\"\" data-sfc-cp=\"\" data-complete=\"true\" data-processed=\"true\" data-sae=\"\"><\/div>\n<div class=\"Y3BBE\" data-sfc-cp=\"\" data-hveid=\"CAYQAA\" data-complete=\"true\" data-processed=\"true\">Los expertos y usuarios que han probado la Mendiz G11 destacan su rendimiento en competici\u00f3n y su capacidad para adaptarse a diversas situaciones.<span class=\"uJ19be notranslate\" data-wiz-uids=\"qATxj_1n,qATxj_1o,qATxj_1p\" data-complete=\"true\" data-processed=\"true\"><span class=\"vKEkVd\" data-animation-atomic=\"\" data-wiz-attrbind=\"class=qATxj_1n\/TKHnVd;\" data-sae=\"\">\u00a0<\/span><\/span><\/div>\n<div class=\"Y3BBE\" data-sfc-cp=\"\" data-hveid=\"CAYQAA\" data-complete=\"true\" data-processed=\"true\"><\/div>\n<ul class=\"KsbFXc U6u95\" data-complete=\"true\" data-processed=\"true\">\n<li data-hveid=\"CAcQAA\" data-complete=\"true\" data-sae=\"\"><span class=\"T286Pc\" data-sfc-cp=\"\" data-complete=\"true\"><strong class=\"Yjhzub\" data-complete=\"true\">R\u00e1pida y Veloz<\/strong>: Rese\u00f1as en YouTube la describen como una bicicleta r\u00e1pida, ideal para disfrutar en curvas y subidas, y un \u00abmisil\u00bb para competiciones de ciclocross.<\/span><\/li>\n<li data-hveid=\"CAcQAQ\" data-complete=\"true\" data-sae=\"\"><span class=\"T286Pc\" data-sfc-cp=\"\" data-complete=\"true\"><strong class=\"Yjhzub\" data-complete=\"true\">Polivalencia<\/strong>: Se alaba su versatilidad, funcionando bien tanto para rutas largas y aventuras (bikepacking, gracias a los m\u00faltiples anclajes para accesorios) como para uso diario y entrenamientos.<\/span><\/li>\n<li data-hveid=\"CAcQAg\" data-complete=\"true\" data-sae=\"\"><span class=\"T286Pc\" data-sfc-cp=\"\" data-complete=\"true\"><strong class=\"Yjhzub\" data-complete=\"true\">Manejabilidad<\/strong>: La combinaci\u00f3n de un manillar m\u00e1s estrecho en la parte superior y las manetas colocadas hacia dentro contribuyen a una mayor comodidad y control.<\/span><\/li>\n<li data-hveid=\"CAcQAw\" data-complete=\"true\" data-sae=\"\"><span class=\"T286Pc\" data-sfc-cp=\"\" data-complete=\"true\"><strong class=\"Yjhzub\" data-complete=\"true\">Est\u00e9tica<\/strong>: El dise\u00f1o y los acabados personalizados son un punto fuerte, con opciones de colores atractivos que \u00abse caen la baba\u00bb a los usuarios, seg\u00fan comentarios de la marca.<\/span><span class=\"uJ19be notranslate\" data-wiz-uids=\"qATxj_25,qATxj_26,qATxj_27\" data-complete=\"true\"><span class=\"vKEkVd\" data-animation-atomic=\"\" data-wiz-attrbind=\"class=qATxj_25\/TKHnVd;\" data-sae=\"\">\u00a0<\/span><\/span><\/li>\n<\/ul>\n","protected":false},"excerpt":{"rendered":"<p>https:\/\/www.youtube.com\/watch?v=wzCzZqxbsf8<\/p>\n","protected":false},"featured_media":177,"comment_status":"open","ping_status":"closed","template":"","meta":{"saved_in_kubio":false},"product_brand":[],"product_cat":[21,20],"product_tag":[],"class_list":{"0":"post-176","1":"product","2":"type-product","3":"status-publish","4":"has-post-thumbnail","6":"product_cat-bicicletas-de-ciclocross","7":"product_cat-bicicletas-de-gravel","9":"first","10":"instock","11":"shipping-taxable","12":"purchasable","13":"product-type-variable","14":"has-default-attributes"},"jetpack_sharing_enabled":true,"_links":{"self":[{"href":"https:\/\/shop.los2pcs.com\/index.php\/wp-json\/wp\/v2\/product\/176","targetHints":{"allow":["GET"]}}],"collection":[{"href":"https:\/\/shop.los2pcs.com\/index.php\/wp-json\/wp\/v2\/product"}],"about":[{"href":"https:\/\/shop.los2pcs.com\/index.php\/wp-json\/wp\/v2\/types\/product"}],"replies":[{"embeddable":true,"href":"https:\/\/shop.los2pcs.com\/index.php\/wp-json\/wp\/v2\/comments?post=176"}],"wp:featuredmedia":[{"embeddable":true,"href":"https:\/\/shop.los2pcs.com\/index.php\/wp-json\/wp\/v2\/media\/177"}],"wp:attachment":[{"href":"https:\/\/shop.los2pcs.com\/index.php\/wp-json\/wp\/v2\/media?parent=176"}],"wp:term":[{"taxonomy":"product_brand","embeddable":true,"href":"https:\/\/shop.los2pcs.com\/index.php\/wp-json\/wp\/v2\/product_brand?post=176"},{"taxonomy":"product_cat","embeddable":true,"href":"https:\/\/shop.los2pcs.com\/index.php\/wp-json\/wp\/v2\/product_cat?post=176"},{"taxonomy":"product_tag","embeddable":true,"href":"https:\/\/shop.los2pcs.com\/index.php\/wp-json\/wp\/v2\/product_tag?post=176"}],"curies":[{"name":"wp","href":"https:\/\/api.w.org\/{rel}","templated":true}]}}